{"id":1746,"date":"2024-07-24T09:20:27","date_gmt":"2024-07-24T07:20:27","guid":{"rendered":"https:\/\/enseignement-sta.fr\/?page_id=1746"},"modified":"2025-09-06T14:01:10","modified_gmt":"2025-09-06T12:01:10","slug":"page-d-exemple-2","status":"publish","type":"page","link":"https:\/\/enseignement-sta.fr\/","title":{"rendered":"Sans titre"},"content":{"rendered":"\n<p class=\"has-text-align-center has-dark-gray-color has-text-color has-link-color has-extra-small-font-size wp-elements-b755ef830b6ef8791ca6d8fcfa0710b0\" style=\"padding-top:0;padding-right:0;padding-bottom:0;padding-left:0\">Vous trouverez sur ce site l\u2019ensemble des supports de cours et des travaux dirig\u00e9s du champ <strong>STA-OMI <\/strong>de l&#8217;<strong>ENSAM<\/strong> <br>Cet enseignement sera dispens\u00e9 par Mathieu Monceaux, maitre de conf\u00e9rences, F\u00e9lix Chameroy ma\u00eetre de conf\u00e9rences Associ\u00e9s et B\u00e9atrice Gheno ma\u00eetresse de conf\u00e9rences associ\u00e9e \u00e0 <a href=\"https:\/\/www.montpellier.archi.fr\/\">l\u2019\u00c9cole Nationale Sup\u00e9rieure d\u2019Architecture de Montpellier (ENSAM).<\/a><\/p>\n\n\n<form role=\"search\" method=\"get\" action=\"https:\/\/enseignement-sta.fr\/\" class=\"wp-block-search__no-button wp-block-search\"    ><label class=\"wp-block-search__label\" for=\"wp-block-search__input-1\" >Rechercher<\/label><div class=\"wp-block-search__inside-wrapper\"  style=\"width: 610px\"><input class=\"wp-block-search__input\" id=\"wp-block-search__input-1\" placeholder=\"\" value=\"\" type=\"search\" name=\"s\" required \/><\/div><\/form>\n\n\n<hr class=\"wp-block-separator has-alpha-channel-opacity\"\/>\n\n\n\n<div class=\"wp-block-columns alignwide is-layout-flex wp-container-core-columns-is-layout-9d6595d7 wp-block-columns-is-layout-flex\">\n<div class=\"wp-block-column is-layout-flow wp-block-column-is-layout-flow\">\n<figure class=\"wp-block-image size-thumbnail is-resized\"><a href=\"https:\/\/enseignement-sta.fr\/index.php\/cad\/\"><img decoding=\"async\" width=\"150\" height=\"150\" data-src=\"https:\/\/enseignement-sta.fr\/wp-content\/uploads\/2024\/07\/CAD-150x150.jpg\" alt=\"\" class=\"wp-image-1750 lazyload\" style=\"--smush-placeholder-width: 150px; --smush-placeholder-aspect-ratio: 150\/150;width:154px;height:auto\" data-srcset=\"https:\/\/enseignement-sta.fr\/wp-content\/uploads\/2024\/07\/CAD-150x150.jpg 150w, https:\/\/enseignement-sta.fr\/wp-content\/uploads\/2024\/07\/CAD-300x300.jpg 300w, https:\/\/enseignement-sta.fr\/wp-content\/uploads\/2024\/07\/CAD-1024x1024.jpg 1024w, https:\/\/enseignement-sta.fr\/wp-content\/uploads\/2024\/07\/CAD-768x768.jpg 768w, https:\/\/enseignement-sta.fr\/wp-content\/uploads\/2024\/07\/CAD.jpg 1042w\" data-sizes=\"(max-width: 150px) 100vw, 150px\" src=\"data:image\/svg+xml;base64,PHN2ZyB3aWR0aD0iMSIgaGVpZ2h0PSIxIiB4bWxucz0iaHR0cDovL3d3dy53My5vcmcvMjAwMC9zdmciPjwvc3ZnPg==\" \/><\/a><\/figure>\n<\/div>\n\n\n\n<div class=\"wp-block-column is-layout-flow wp-block-column-is-layout-flow\">\n<figure class=\"wp-block-image size-thumbnail\"><a href=\"https:\/\/enseignement-sta.fr\/index.php\/geom-3\/\"><img decoding=\"async\" width=\"150\" height=\"150\" data-src=\"https:\/\/enseignement-sta.fr\/wp-content\/uploads\/2024\/07\/GEOM-150x150.jpg\" alt=\"\" class=\"wp-image-1753 lazyload\" data-srcset=\"https:\/\/enseignement-sta.fr\/wp-content\/uploads\/2024\/07\/GEOM-150x150.jpg 150w, https:\/\/enseignement-sta.fr\/wp-content\/uploads\/2024\/07\/GEOM-300x300.jpg 300w, https:\/\/enseignement-sta.fr\/wp-content\/uploads\/2024\/07\/GEOM-1024x1024.jpg 1024w, https:\/\/enseignement-sta.fr\/wp-content\/uploads\/2024\/07\/GEOM-768x768.jpg 768w, https:\/\/enseignement-sta.fr\/wp-content\/uploads\/2024\/07\/GEOM.jpg 1042w\" data-sizes=\"(max-width: 150px) 100vw, 150px\" src=\"data:image\/svg+xml;base64,PHN2ZyB3aWR0aD0iMSIgaGVpZ2h0PSIxIiB4bWxucz0iaHR0cDovL3d3dy53My5vcmcvMjAwMC9zdmciPjwvc3ZnPg==\" style=\"--smush-placeholder-width: 150px; --smush-placeholder-aspect-ratio: 150\/150;\" \/><\/a><\/figure>\n<\/div>\n\n\n\n<div class=\"wp-block-column is-layout-flow wp-block-column-is-layout-flow\">\n<figure class=\"wp-block-image size-thumbnail\"><a href=\"https:\/\/enseignement-sta.fr\/index.php\/pao\/\"><img decoding=\"async\" width=\"150\" height=\"150\" data-src=\"https:\/\/enseignement-sta.fr\/wp-content\/uploads\/2024\/07\/PAO-150x150.jpg\" alt=\"\" class=\"wp-image-1751 lazyload\" data-srcset=\"https:\/\/enseignement-sta.fr\/wp-content\/uploads\/2024\/07\/PAO-150x150.jpg 150w, https:\/\/enseignement-sta.fr\/wp-content\/uploads\/2024\/07\/PAO-300x300.jpg 300w, https:\/\/enseignement-sta.fr\/wp-content\/uploads\/2024\/07\/PAO-1024x1024.jpg 1024w, https:\/\/enseignement-sta.fr\/wp-content\/uploads\/2024\/07\/PAO-768x768.jpg 768w, https:\/\/enseignement-sta.fr\/wp-content\/uploads\/2024\/07\/PAO.jpg 1042w\" data-sizes=\"(max-width: 150px) 100vw, 150px\" src=\"data:image\/svg+xml;base64,PHN2ZyB3aWR0aD0iMSIgaGVpZ2h0PSIxIiB4bWxucz0iaHR0cDovL3d3dy53My5vcmcvMjAwMC9zdmciPjwvc3ZnPg==\" style=\"--smush-placeholder-width: 150px; --smush-placeholder-aspect-ratio: 150\/150;\" \/><\/a><\/figure>\n<\/div>\n\n\n\n<div class=\"wp-block-column is-layout-flow wp-block-column-is-layout-flow\">\n<figure class=\"wp-block-image size-thumbnail is-resized\"><a href=\"https:\/\/enseignement-sta.fr\/index.php\/bim\/\"><img decoding=\"async\" width=\"150\" height=\"150\" data-src=\"https:\/\/enseignement-sta.fr\/wp-content\/uploads\/2024\/07\/BIM-2-150x150.jpg\" alt=\"\" class=\"wp-image-1754 lazyload\" style=\"--smush-placeholder-width: 150px; --smush-placeholder-aspect-ratio: 150\/150;width:154px;height:auto\" data-srcset=\"https:\/\/enseignement-sta.fr\/wp-content\/uploads\/2024\/07\/BIM-2-150x150.jpg 150w, https:\/\/enseignement-sta.fr\/wp-content\/uploads\/2024\/07\/BIM-2-300x300.jpg 300w, https:\/\/enseignement-sta.fr\/wp-content\/uploads\/2024\/07\/BIM-2-1024x1024.jpg 1024w, https:\/\/enseignement-sta.fr\/wp-content\/uploads\/2024\/07\/BIM-2-768x768.jpg 768w, https:\/\/enseignement-sta.fr\/wp-content\/uploads\/2024\/07\/BIM-2.jpg 1042w\" data-sizes=\"(max-width: 150px) 100vw, 150px\" src=\"data:image\/svg+xml;base64,PHN2ZyB3aWR0aD0iMSIgaGVpZ2h0PSIxIiB4bWxucz0iaHR0cDovL3d3dy53My5vcmcvMjAwMC9zdmciPjwvc3ZnPg==\" \/><\/a><\/figure>\n<\/div>\n\n\n\n<div class=\"wp-block-column is-layout-flow wp-block-column-is-layout-flow\">\n<figure class=\"wp-block-image size-thumbnail\"><a href=\"https:\/\/moodle.montpellier.archi.fr\/\" target=\"_blank\" rel=\"noreferrer noopener\"><img decoding=\"async\" width=\"150\" height=\"150\" data-src=\"https:\/\/enseignement-sta.fr\/wp-content\/uploads\/2024\/09\/tuile-moodle-150x150.jpg\" alt=\"\" class=\"wp-image-1793 lazyload\" data-srcset=\"https:\/\/enseignement-sta.fr\/wp-content\/uploads\/2024\/09\/tuile-moodle-150x150.jpg 150w, https:\/\/enseignement-sta.fr\/wp-content\/uploads\/2024\/09\/tuile-moodle-300x300.jpg 300w, https:\/\/enseignement-sta.fr\/wp-content\/uploads\/2024\/09\/tuile-moodle.jpg 500w\" data-sizes=\"(max-width: 150px) 100vw, 150px\" src=\"data:image\/svg+xml;base64,PHN2ZyB3aWR0aD0iMSIgaGVpZ2h0PSIxIiB4bWxucz0iaHR0cDovL3d3dy53My5vcmcvMjAwMC9zdmciPjwvc3ZnPg==\" style=\"--smush-placeholder-width: 150px; --smush-placeholder-aspect-ratio: 150\/150;\" \/><\/a><\/figure>\n<\/div>\n\n\n\n<div class=\"wp-block-column is-layout-flow wp-block-column-is-layout-flow\">\n<figure class=\"wp-block-image size-thumbnail\"><a href=\"https:\/\/enseignement-sta.fr\/index.php\/cg\/\"><img decoding=\"async\" width=\"150\" height=\"150\" data-src=\"https:\/\/enseignement-sta.fr\/wp-content\/uploads\/2024\/07\/IMG-150x150.jpg\" alt=\"\" class=\"wp-image-1752 lazyload\" data-srcset=\"https:\/\/enseignement-sta.fr\/wp-content\/uploads\/2024\/07\/IMG-150x150.jpg 150w, https:\/\/enseignement-sta.fr\/wp-content\/uploads\/2024\/07\/IMG-300x300.jpg 300w, https:\/\/enseignement-sta.fr\/wp-content\/uploads\/2024\/07\/IMG-1024x1024.jpg 1024w, https:\/\/enseignement-sta.fr\/wp-content\/uploads\/2024\/07\/IMG-768x768.jpg 768w, https:\/\/enseignement-sta.fr\/wp-content\/uploads\/2024\/07\/IMG.jpg 1042w\" data-sizes=\"(max-width: 150px) 100vw, 150px\" src=\"data:image\/svg+xml;base64,PHN2ZyB3aWR0aD0iMSIgaGVpZ2h0PSIxIiB4bWxucz0iaHR0cDovL3d3dy53My5vcmcvMjAwMC9zdmciPjwvc3ZnPg==\" style=\"--smush-placeholder-width: 150px; --smush-placeholder-aspect-ratio: 150\/150;\" \/><\/a><\/figure>\n<\/div>\n<\/div>\n\n\n\n<div class=\"wp-block-columns alignwide are-vertically-aligned-center is-layout-flex wp-container-core-columns-is-layout-9d6595d7 wp-block-columns-is-layout-flex\">\n<div class=\"wp-block-column is-vertically-aligned-center is-layout-flow wp-block-column-is-layout-flow\"><\/div>\n\n\n\n<div class=\"wp-block-column is-vertically-aligned-center is-layout-flow wp-block-column-is-layout-flow\"><\/div>\n\n\n\n<div class=\"wp-block-column is-layout-flow wp-block-column-is-layout-flow\"><\/div>\n<\/div>\n\n\n\n<div class=\"wp-block-columns alignfull is-layout-flex wp-container-core-columns-is-layout-9d6595d7 wp-block-columns-is-layout-flex\">\n<div class=\"wp-block-column is-layout-flow wp-block-column-is-layout-flow\" style=\"flex-basis:100%\">\n<div class=\"wp-block-columns is-layout-flex wp-container-core-columns-is-layout-9d6595d7 wp-block-columns-is-layout-flex\">\n<div class=\"wp-block-column is-layout-flow wp-block-column-is-layout-flow\">\n<figure class=\"wp-block-image size-full\"><img decoding=\"async\" width=\"2429\" height=\"592\" data-src=\"https:\/\/enseignement-sta.fr\/wp-content\/uploads\/2025\/08\/image-3.png\" alt=\"\" class=\"wp-image-2220 lazyload\" data-srcset=\"https:\/\/enseignement-sta.fr\/wp-content\/uploads\/2025\/08\/image-3.png 2429w, https:\/\/enseignement-sta.fr\/wp-content\/uploads\/2025\/08\/image-3-300x73.png 300w, https:\/\/enseignement-sta.fr\/wp-content\/uploads\/2025\/08\/image-3-1024x250.png 1024w, https:\/\/enseignement-sta.fr\/wp-content\/uploads\/2025\/08\/image-3-768x187.png 768w, https:\/\/enseignement-sta.fr\/wp-content\/uploads\/2025\/08\/image-3-1536x374.png 1536w, https:\/\/enseignement-sta.fr\/wp-content\/uploads\/2025\/08\/image-3-2048x499.png 2048w, https:\/\/enseignement-sta.fr\/wp-content\/uploads\/2025\/08\/image-3-1568x382.png 1568w\" data-sizes=\"(max-width: 2429px) 100vw, 2429px\" src=\"data:image\/svg+xml;base64,PHN2ZyB3aWR0aD0iMSIgaGVpZ2h0PSIxIiB4bWxucz0iaHR0cDovL3d3dy53My5vcmcvMjAwMC9zdmciPjwvc3ZnPg==\" style=\"--smush-placeholder-width: 2429px; --smush-placeholder-aspect-ratio: 2429\/592;\" \/><\/figure>\n<\/div>\n<\/div>\n<\/div>\n<\/div>\n","protected":false},"excerpt":{"rendered":"<p>Vous trouverez sur ce site l\u2019ensemble des supports de cours et des travaux dirig\u00e9s du champ STA-OMI de l&#8217;ENSAM Cet enseignement sera dispens\u00e9 par Mathieu Monceaux, maitre de conf\u00e9rences, F\u00e9lix Chameroy ma\u00eetre de conf\u00e9rences Associ\u00e9s et B\u00e9atrice Gheno ma\u00eetresse de conf\u00e9rences associ\u00e9e \u00e0 l\u2019\u00c9cole Nationale Sup\u00e9rieure d\u2019Architecture de Montpellier (ENSAM).<\/p>\n","protected":false},"author":1,"featured_media":0,"parent":0,"menu_order":0,"comment_status":"closed","ping_status":"closed","template":"","meta":{"_import_markdown_pro_load_document_selector":0,"_import_markdown_pro_submit_text_textarea":"","footnotes":""},"folder":[],"class_list":["post-1746","page","type-page","status-publish","hentry","entry"],"_links":{"self":[{"href":"https:\/\/enseignement-sta.fr\/index.php\/wp-json\/wp\/v2\/pages\/1746","targetHints":{"allow":["GET"]}}],"collection":[{"href":"https:\/\/enseignement-sta.fr\/index.php\/wp-json\/wp\/v2\/pages"}],"about":[{"href":"https:\/\/enseignement-sta.fr\/index.php\/wp-json\/wp\/v2\/types\/page"}],"author":[{"embeddable":true,"href":"https:\/\/enseignement-sta.fr\/index.php\/wp-json\/wp\/v2\/users\/1"}],"replies":[{"embeddable":true,"href":"https:\/\/enseignement-sta.fr\/index.php\/wp-json\/wp\/v2\/comments?post=1746"}],"version-history":[{"count":40,"href":"https:\/\/enseignement-sta.fr\/index.php\/wp-json\/wp\/v2\/pages\/1746\/revisions"}],"predecessor-version":[{"id":2221,"href":"https:\/\/enseignement-sta.fr\/index.php\/wp-json\/wp\/v2\/pages\/1746\/revisions\/2221"}],"wp:attachment":[{"href":"https:\/\/enseignement-sta.fr\/index.php\/wp-json\/wp\/v2\/media?parent=1746"}],"wp:term":[{"taxonomy":"folder","embeddable":true,"href":"https:\/\/enseignement-sta.fr\/index.php\/wp-json\/wp\/v2\/folder?post=1746"}],"curies":[{"name":"wp","href":"https:\/\/api.w.org\/{rel}","templated":true}]}}