{"id":2529,"date":"2026-04-12T17:32:38","date_gmt":"2026-04-12T15:32:38","guid":{"rendered":"https:\/\/enseignement-sta.fr\/?page_id=2529"},"modified":"2026-04-12T18:00:54","modified_gmt":"2026-04-12T16:00:54","slug":"bim-white-house-g-murcutt","status":"publish","type":"page","link":"https:\/\/enseignement-sta.fr\/index.php\/bim-white-house-g-murcutt\/","title":{"rendered":"BIM &#8211; White house &#8211; G.Murcutt"},"content":{"rendered":"\n<div class=\"wp-block-columns alignwide is-layout-flex wp-container-core-columns-is-layout-9d6595d7 wp-block-columns-is-layout-flex\">\n<div class=\"wp-block-column is-layout-flow wp-block-column-is-layout-flow\">\n<p>Situ\u00e9e sur la c\u00f4te sud de la Nouvelle-Galles du Sud, cette maison est entour\u00e9e de for\u00eat tropicale et offre une vue imprenable sur la vall\u00e9e. Le b\u00e2timent d&#8217;origine (1981-1982) avait \u00e9t\u00e9 con\u00e7u autour d&#8217;une chemin\u00e9e existante, vestige d&#8217;une ancienne ferme. Il a \u00e9t\u00e9 agrandi par Murcutt entre 2001 et 2004 afin de r\u00e9pondre aux nouvelles exigences du propri\u00e9taire.<\/p>\n\n\n\n<p>La conception est une r\u00e9interpr\u00e9tation explicite de nombreuses id\u00e9es initialement test\u00e9es dans la Marie Short House \u00e0 Kempsey. Le b\u00e2timent est un double pavillon en quinconce dot\u00e9 de toits en t\u00f4le ondul\u00e9e incurv\u00e9s et en pente, et utilise des mat\u00e9riaux similaires \u00e0 ceux de la maison de Kempsey. Dans les deux projets, les pavillons sont situ\u00e9s sur un axe est-ouest, le pavillon \u00ab de vie \u00bb se trouvant du c\u00f4t\u00e9 nord. Le bois est utilis\u00e9 pour la charpente et pour le rev\u00eatement int\u00e9rieur. La trav\u00e9e structurelle r\u00e9p\u00e9titive pr\u00e9sente des proportions similaires.<\/p>\n<\/div>\n\n\n\n<div class=\"wp-block-column is-layout-flow wp-block-column-is-layout-flow\">\t\t<div\n            id=\"wpmapblock_dd24feda\"\n            data-settings='{&quot;map_marker&quot;:[{&quot;id&quot;:&quot;0&quot;,&quot;lat&quot;:&quot;23.7806365&quot;,&quot;lng&quot;:&quot;90.4193257&quot;,&quot;title&quot;:&quot;Bangladesh&quot;,&quot;content&quot;:&quot;A Beautiful Country&quot;,&quot;iconType&quot;:&quot;default&quot;,&quot;customIconUrl&quot;:&quot;&quot;,&quot;customIconWidth&quot;:&quot;25&quot;,&quot;customIconHeight&quot;:&quot;40&quot;},{&quot;id&quot;:&quot;1&quot;,&quot;lat&quot;:&quot;-34.6830753&quot;,&quot;lng&quot;:&quot;150.7778853&quot;,&quot;title&quot;:&quot;white house murcutt&quot;,&quot;content&quot;:&quot;&quot;,&quot;iconType&quot;:&quot;default&quot;,&quot;customIconUrl&quot;:&quot;&quot;,&quot;customIconWidth&quot;:&quot;25&quot;,&quot;customIconHeight&quot;:&quot;40&quot;}],&quot;map_zoom&quot;:&quot;9&quot;,&quot;scroll_wheel_zoom&quot;:&quot;1&quot;,&quot;map_type&quot;:&quot;OSM&quot;,&quot;center_index&quot;:1}'\n            class=\"wpmapblockrender\"\n            style=\"\n\t\t\twidth: 100%;\n\t\t\theight: 500px;\n\t\t\"\n            >\n        <\/div>\n        <\/div>\n<\/div>\n\n\n\n<hr class=\"wp-block-separator alignwide has-alpha-channel-opacity\"\/>\n\n\n\n<figure class=\"wp-block-image alignwide size-large\"><img decoding=\"async\" width=\"1024\" height=\"512\" data-src=\"https:\/\/enseignement-sta.fr\/wp-content\/uploads\/2026\/04\/PB_078-079-1024x512.jpg\" alt=\"\" class=\"wp-image-2548 lazyload\" data-srcset=\"https:\/\/enseignement-sta.fr\/wp-content\/uploads\/2026\/04\/PB_078-079-1024x512.jpg 1024w, https:\/\/enseignement-sta.fr\/wp-content\/uploads\/2026\/04\/PB_078-079-300x150.jpg 300w, https:\/\/enseignement-sta.fr\/wp-content\/uploads\/2026\/04\/PB_078-079-768x384.jpg 768w, https:\/\/enseignement-sta.fr\/wp-content\/uploads\/2026\/04\/PB_078-079-1536x769.jpg 1536w, https:\/\/enseignement-sta.fr\/wp-content\/uploads\/2026\/04\/PB_078-079-2048x1025.jpg 2048w, https:\/\/enseignement-sta.fr\/wp-content\/uploads\/2026\/04\/PB_078-079-1568x785.jpg 1568w\" data-sizes=\"(max-width: 1024px) 100vw, 1024px\" src=\"data:image\/svg+xml;base64,PHN2ZyB3aWR0aD0iMSIgaGVpZ2h0PSIxIiB4bWxucz0iaHR0cDovL3d3dy53My5vcmcvMjAwMC9zdmciPjwvc3ZnPg==\" style=\"--smush-placeholder-width: 1024px; --smush-placeholder-aspect-ratio: 1024\/512;\" \/><\/figure>\n\n\n\n<div class=\"wp-block-columns alignwide is-layout-flex wp-container-core-columns-is-layout-9d6595d7 wp-block-columns-is-layout-flex\">\n<div class=\"wp-block-column is-layout-flow wp-block-column-is-layout-flow\">\n<p><strong>D\u00e9marrage projet et manipulations basiques&nbsp;: <\/strong><\/p>\n<\/div>\n\n\n\n<div class=\"wp-block-column is-layout-flow wp-block-column-is-layout-flow\"><\/div>\n<\/div>\n\n\n\n<div class=\"wp-block-columns alignwide is-layout-flex wp-container-core-columns-is-layout-9d6595d7 wp-block-columns-is-layout-flex\">\n<div class=\"wp-block-column is-layout-flow wp-block-column-is-layout-flow\">\n<div data-wp-interactive=\"core\/file\" class=\"wp-block-file alignwide\"><object data-wp-bind--hidden=\"!state.hasPdfPreview\" hidden class=\"wp-block-file__embed\" data=\"https:\/\/enseignement-sta.fr\/wp-content\/uploads\/2025\/03\/ENSAM-REVIT-DEM-PROJET-3.pdf\" type=\"application\/pdf\" style=\"width:100%;height:420px\" aria-label=\"Contenu embarqu\u00e9 ENSAM - REVIT - DEM PROJET.\"><\/object><a id=\"wp-block-file--media-a9c49a5a-8f78-421c-a653-26bbaf81edd3\" href=\"https:\/\/enseignement-sta.fr\/wp-content\/uploads\/2025\/03\/ENSAM-REVIT-DEM-PROJET-3.pdf\" target=\"_blank\" rel=\"noreferrer noopener\">ENSAM &#8211; REVIT &#8211; DEM PROJET<\/a><\/div>\n<\/div>\n\n\n\n<div class=\"wp-block-column is-layout-flow wp-block-column-is-layout-flow\">\n<div data-wp-interactive=\"core\/file\" class=\"wp-block-file\"><object data-wp-bind--hidden=\"!state.hasPdfPreview\" hidden class=\"wp-block-file__embed\" data=\"https:\/\/enseignement-sta.fr\/wp-content\/uploads\/2023\/09\/ENSAM-S5-VILLA-E1027-MANIPULATIONS.pdf\" type=\"application\/pdf\" style=\"width:100%;height:420px\" aria-label=\"Contenu embarqu\u00e9 MANIPULATIONS.\"><\/object><a id=\"wp-block-file--media-2285a030-eb14-4f63-9ddd-de8d5ec68eba\" href=\"https:\/\/enseignement-sta.fr\/wp-content\/uploads\/2023\/09\/ENSAM-S5-VILLA-E1027-MANIPULATIONS.pdf\" target=\"_blank\" rel=\"noreferrer noopener\">MANIPULATIONS<\/a><\/div>\n<\/div>\n<\/div>\n\n\n\n<div class=\"wp-block-columns alignwide is-layout-flex wp-container-core-columns-is-layout-9d6595d7 wp-block-columns-is-layout-flex\">\n<div class=\"wp-block-column is-layout-flow wp-block-column-is-layout-flow\">\n<figure class=\"wp-block-image size-full\"><img decoding=\"async\" width=\"800\" height=\"800\" data-src=\"https:\/\/enseignement-sta.fr\/wp-content\/uploads\/2026\/03\/MINIATURES-TD-SITE-BIM-TD1-.jpg\" alt=\"\" class=\"wp-image-2497 lazyload\" data-srcset=\"https:\/\/enseignement-sta.fr\/wp-content\/uploads\/2026\/03\/MINIATURES-TD-SITE-BIM-TD1-.jpg 800w, https:\/\/enseignement-sta.fr\/wp-content\/uploads\/2026\/03\/MINIATURES-TD-SITE-BIM-TD1--300x300.jpg 300w, https:\/\/enseignement-sta.fr\/wp-content\/uploads\/2026\/03\/MINIATURES-TD-SITE-BIM-TD1--150x150.jpg 150w, https:\/\/enseignement-sta.fr\/wp-content\/uploads\/2026\/03\/MINIATURES-TD-SITE-BIM-TD1--768x768.jpg 768w\" data-sizes=\"(max-width: 800px) 100vw, 800px\" src=\"data:image\/svg+xml;base64,PHN2ZyB3aWR0aD0iMSIgaGVpZ2h0PSIxIiB4bWxucz0iaHR0cDovL3d3dy53My5vcmcvMjAwMC9zdmciPjwvc3ZnPg==\" style=\"--smush-placeholder-width: 800px; --smush-placeholder-aspect-ratio: 800\/800;\" \/><\/figure>\n<\/div>\n\n\n\n<div class=\"wp-block-column is-layout-flow wp-block-column-is-layout-flow\">\n<figure class=\"wp-block-image size-full\"><img decoding=\"async\" width=\"800\" height=\"800\" data-src=\"https:\/\/enseignement-sta.fr\/wp-content\/uploads\/2026\/03\/MINIATURES-TD-SITE-BIM-TD2-.jpg\" alt=\"\" class=\"wp-image-2498 lazyload\" data-srcset=\"https:\/\/enseignement-sta.fr\/wp-content\/uploads\/2026\/03\/MINIATURES-TD-SITE-BIM-TD2-.jpg 800w, https:\/\/enseignement-sta.fr\/wp-content\/uploads\/2026\/03\/MINIATURES-TD-SITE-BIM-TD2--300x300.jpg 300w, https:\/\/enseignement-sta.fr\/wp-content\/uploads\/2026\/03\/MINIATURES-TD-SITE-BIM-TD2--150x150.jpg 150w, https:\/\/enseignement-sta.fr\/wp-content\/uploads\/2026\/03\/MINIATURES-TD-SITE-BIM-TD2--768x768.jpg 768w\" data-sizes=\"(max-width: 800px) 100vw, 800px\" src=\"data:image\/svg+xml;base64,PHN2ZyB3aWR0aD0iMSIgaGVpZ2h0PSIxIiB4bWxucz0iaHR0cDovL3d3dy53My5vcmcvMjAwMC9zdmciPjwvc3ZnPg==\" style=\"--smush-placeholder-width: 800px; --smush-placeholder-aspect-ratio: 800\/800;\" \/><\/figure>\n<\/div>\n\n\n\n<div class=\"wp-block-column is-layout-flow wp-block-column-is-layout-flow\">\n<figure class=\"wp-block-image size-full\"><img decoding=\"async\" width=\"800\" height=\"800\" data-src=\"https:\/\/enseignement-sta.fr\/wp-content\/uploads\/2026\/03\/MINIATURES-TD-SITE-BIM-TD3-.jpg\" alt=\"\" class=\"wp-image-2499 lazyload\" data-srcset=\"https:\/\/enseignement-sta.fr\/wp-content\/uploads\/2026\/03\/MINIATURES-TD-SITE-BIM-TD3-.jpg 800w, https:\/\/enseignement-sta.fr\/wp-content\/uploads\/2026\/03\/MINIATURES-TD-SITE-BIM-TD3--300x300.jpg 300w, https:\/\/enseignement-sta.fr\/wp-content\/uploads\/2026\/03\/MINIATURES-TD-SITE-BIM-TD3--150x150.jpg 150w, https:\/\/enseignement-sta.fr\/wp-content\/uploads\/2026\/03\/MINIATURES-TD-SITE-BIM-TD3--768x768.jpg 768w\" data-sizes=\"(max-width: 800px) 100vw, 800px\" src=\"data:image\/svg+xml;base64,PHN2ZyB3aWR0aD0iMSIgaGVpZ2h0PSIxIiB4bWxucz0iaHR0cDovL3d3dy53My5vcmcvMjAwMC9zdmciPjwvc3ZnPg==\" style=\"--smush-placeholder-width: 800px; --smush-placeholder-aspect-ratio: 800\/800;\" \/><\/figure>\n<\/div>\n\n\n\n<div class=\"wp-block-column is-layout-flow wp-block-column-is-layout-flow\">\n<figure class=\"wp-block-image size-full\"><img decoding=\"async\" width=\"800\" height=\"800\" data-src=\"https:\/\/enseignement-sta.fr\/wp-content\/uploads\/2026\/03\/MINIATURES-TD-SITE-BIM-TD4.jpg\" alt=\"\" class=\"wp-image-2500 lazyload\" data-srcset=\"https:\/\/enseignement-sta.fr\/wp-content\/uploads\/2026\/03\/MINIATURES-TD-SITE-BIM-TD4.jpg 800w, https:\/\/enseignement-sta.fr\/wp-content\/uploads\/2026\/03\/MINIATURES-TD-SITE-BIM-TD4-300x300.jpg 300w, https:\/\/enseignement-sta.fr\/wp-content\/uploads\/2026\/03\/MINIATURES-TD-SITE-BIM-TD4-150x150.jpg 150w, https:\/\/enseignement-sta.fr\/wp-content\/uploads\/2026\/03\/MINIATURES-TD-SITE-BIM-TD4-768x768.jpg 768w\" data-sizes=\"(max-width: 800px) 100vw, 800px\" src=\"data:image\/svg+xml;base64,PHN2ZyB3aWR0aD0iMSIgaGVpZ2h0PSIxIiB4bWxucz0iaHR0cDovL3d3dy53My5vcmcvMjAwMC9zdmciPjwvc3ZnPg==\" style=\"--smush-placeholder-width: 800px; --smush-placeholder-aspect-ratio: 800\/800;\" \/><\/figure>\n<\/div>\n\n\n\n<div class=\"wp-block-column is-layout-flow wp-block-column-is-layout-flow\">\n<figure class=\"wp-block-image size-full\"><img decoding=\"async\" width=\"800\" height=\"800\" data-src=\"https:\/\/enseignement-sta.fr\/wp-content\/uploads\/2026\/03\/MINIATURES-TD-SITE-BIM-TD5.jpg\" alt=\"\" class=\"wp-image-2501 lazyload\" data-srcset=\"https:\/\/enseignement-sta.fr\/wp-content\/uploads\/2026\/03\/MINIATURES-TD-SITE-BIM-TD5.jpg 800w, https:\/\/enseignement-sta.fr\/wp-content\/uploads\/2026\/03\/MINIATURES-TD-SITE-BIM-TD5-300x300.jpg 300w, https:\/\/enseignement-sta.fr\/wp-content\/uploads\/2026\/03\/MINIATURES-TD-SITE-BIM-TD5-150x150.jpg 150w, https:\/\/enseignement-sta.fr\/wp-content\/uploads\/2026\/03\/MINIATURES-TD-SITE-BIM-TD5-768x768.jpg 768w\" data-sizes=\"(max-width: 800px) 100vw, 800px\" src=\"data:image\/svg+xml;base64,PHN2ZyB3aWR0aD0iMSIgaGVpZ2h0PSIxIiB4bWxucz0iaHR0cDovL3d3dy53My5vcmcvMjAwMC9zdmciPjwvc3ZnPg==\" style=\"--smush-placeholder-width: 800px; --smush-placeholder-aspect-ratio: 800\/800;\" \/><\/figure>\n<\/div>\n\n\n\n<div class=\"wp-block-column is-layout-flow wp-block-column-is-layout-flow\">\n<figure class=\"wp-block-image size-full\"><img decoding=\"async\" width=\"800\" height=\"800\" data-src=\"https:\/\/enseignement-sta.fr\/wp-content\/uploads\/2026\/03\/MINIATURES-TD-SITE-BIM-TD6.jpg\" alt=\"\" class=\"wp-image-2502 lazyload\" data-srcset=\"https:\/\/enseignement-sta.fr\/wp-content\/uploads\/2026\/03\/MINIATURES-TD-SITE-BIM-TD6.jpg 800w, https:\/\/enseignement-sta.fr\/wp-content\/uploads\/2026\/03\/MINIATURES-TD-SITE-BIM-TD6-300x300.jpg 300w, https:\/\/enseignement-sta.fr\/wp-content\/uploads\/2026\/03\/MINIATURES-TD-SITE-BIM-TD6-150x150.jpg 150w, https:\/\/enseignement-sta.fr\/wp-content\/uploads\/2026\/03\/MINIATURES-TD-SITE-BIM-TD6-768x768.jpg 768w\" data-sizes=\"(max-width: 800px) 100vw, 800px\" src=\"data:image\/svg+xml;base64,PHN2ZyB3aWR0aD0iMSIgaGVpZ2h0PSIxIiB4bWxucz0iaHR0cDovL3d3dy53My5vcmcvMjAwMC9zdmciPjwvc3ZnPg==\" style=\"--smush-placeholder-width: 800px; --smush-placeholder-aspect-ratio: 800\/800;\" \/><\/figure>\n<\/div>\n<\/div>\n","protected":false},"excerpt":{"rendered":"<p>Situ\u00e9e sur la c\u00f4te sud de la Nouvelle-Galles du Sud, cette maison est entour\u00e9e de for\u00eat tropicale et offre une vue imprenable sur la vall\u00e9e. Le b\u00e2timent d&#8217;origine (1981-1982) avait \u00e9t\u00e9 con\u00e7u autour d&#8217;une chemin\u00e9e existante, vestige d&#8217;une ancienne ferme. Il a \u00e9t\u00e9 agrandi par Murcutt entre 2001 et 2004 afin de r\u00e9pondre aux nouvelles&hellip; <a class=\"more-link\" href=\"https:\/\/enseignement-sta.fr\/index.php\/bim-white-house-g-murcutt\/\">Poursuivre la lecture <span class=\"screen-reader-text\">BIM &#8211; White house &#8211; G.Murcutt<\/span><\/a><\/p>\n","protected":false},"author":1,"featured_media":0,"parent":0,"menu_order":0,"comment_status":"closed","ping_status":"closed","template":"","meta":{"_import_markdown_pro_load_document_selector":0,"_import_markdown_pro_submit_text_textarea":"","footnotes":""},"folder":[],"class_list":["post-2529","page","type-page","status-publish","hentry","entry"],"_links":{"self":[{"href":"https:\/\/enseignement-sta.fr\/index.php\/wp-json\/wp\/v2\/pages\/2529","targetHints":{"allow":["GET"]}}],"collection":[{"href":"https:\/\/enseignement-sta.fr\/index.php\/wp-json\/wp\/v2\/pages"}],"about":[{"href":"https:\/\/enseignement-sta.fr\/index.php\/wp-json\/wp\/v2\/types\/page"}],"author":[{"embeddable":true,"href":"https:\/\/enseignement-sta.fr\/index.php\/wp-json\/wp\/v2\/users\/1"}],"replies":[{"embeddable":true,"href":"https:\/\/enseignement-sta.fr\/index.php\/wp-json\/wp\/v2\/comments?post=2529"}],"version-history":[{"count":8,"href":"https:\/\/enseignement-sta.fr\/index.php\/wp-json\/wp\/v2\/pages\/2529\/revisions"}],"predecessor-version":[{"id":2549,"href":"https:\/\/enseignement-sta.fr\/index.php\/wp-json\/wp\/v2\/pages\/2529\/revisions\/2549"}],"wp:attachment":[{"href":"https:\/\/enseignement-sta.fr\/index.php\/wp-json\/wp\/v2\/media?parent=2529"}],"wp:term":[{"taxonomy":"folder","embeddable":true,"href":"https:\/\/enseignement-sta.fr\/index.php\/wp-json\/wp\/v2\/folder?post=2529"}],"curies":[{"name":"wp","href":"https:\/\/api.w.org\/{rel}","templated":true}]}}